 p - 220 = 4*y + 260, 0 = -4*y + 4*p - 468. Let m = y + 181. Let q(n) = -23*n - 18. Let z be q(-1). What is the highest common factor of m and z?
5
Suppose -96420 = -171*k - 23061. What is the greatest common divisor of 624 and k?
39
Suppose 5*c = 5*s + 291 + 364, 3*c - 408 = -2*s. What is the highest common factor of c and 1541?
67
Suppose 0 = 7*m + 131 - 173. Let u be (-6444)/(-30) + m/5. What is the greatest common divisor of 8 and u?
8
Let n(q) = -q**2 - 17*q + 21. Let d be n(-17). Suppose 0 = 2*w + d*w - 391. Calculate the highest common divisor of w and 136.
17
Let o = 545 - 340. Suppose 61 = -6*w + o. Calculate the highest common divisor of 120 and w.
24
Let v be (-16058)/(-4) + (-954)/(-106) + (-15)/(-10). What is the greatest common factor of v and 275?
25
Suppose 49*c - 2240 = -176 - 349. Calculate the greatest common factor of c and 4130.
35
Suppose -9006 + 13356 = 1839*v - 15879. Suppose 2*u - 3 = 63. What is the highest common divisor of u and v?
11
Suppose -s = -2*k - 10, -5*k = 4*s - 2*k + 15. Suppose -f - 189 = -4*q + 384, 4*q + 2*f - 570 = s. Calculate the greatest common divisor of 33 and q.
11
Suppose 4 = g - 380. Calculate the greatest common divisor of g and 1248.
96
Let w = -79 + 111. Suppose b = 2*b + 3*r + 12, 2*b - 2*r = -w. Let h be (42/(-49))/(b/21)*10. What is the highest common divisor of 12 and h?
12
Let l = 17971 + -17933. Calculate the highest common factor of l and 7144.
38
Suppose 0 = 62*f - 93*f - 127*f + 1524700. What is the greatest common divisor of f and 50?
50
Let u be (-296)/(-16)*(-22 - (-1 + 1)). Let w = u - -426. What is the highest common divisor of 1197 and w?
19
Let u be (-2354)/321*(-15)/2. Calculate the greatest common factor of u and 110.
55
Let b be 370*(-1)/4*-4. Let w = 403 - b. Calculate the greatest common divisor of w and 176.
11
Suppose -504*u + 1296 = -477*u. Let p(v) be the second derivative of v**3/3 - 4*v**2 + v. Let m be p(7). What is the highest common factor of m and u?
6
Suppose -35*s + 43*s - 296 = 0. Suppose 2*b = -4*h + 54, 0 = b + 2*b - 5*h - 136. Calculate the highest common factor of s and b.
37
Let g(q) = -q**3 - 19*q**2 - 2*q - 36. Let a be g(-19). Suppose 2 - 27 = -5*s, -4*b + 1342 = -a*s. What is the greatest common factor of b and 26?
26
Let d(r) = r**2 - 15*r + 27. Let w be d(13). Let i(g) = 48*g - 4. Let x be i(w). Let c be (x/(-8) + -2)*(-10)/5. What is the greatest common factor of c and 5?
5
Let t(i) = -12*i - 49. Let q be t(-4). Let o be (-4 - q)/(-4 - 164/(-44)). What is the greatest common factor of o and 539?
11
Let r = -29 - -65. Let f(q) = -q**2 + 175*q - 6891. Let g be f(115). Calculate the greatest common factor of r and g.
9
Let v(k) = 381*k - 1432. Let a be v(8). What is the greatest common factor of a and 176?
16
Let s(u) = 30*u + 8*u - 9*u - 17 + 4*u. Let n be s(2). Calculate the highest common factor of 343 and n.
49
Let g(t) = 15*t + 679. Let j be g(-34). Calculate the highest common factor of 117 and j.
13
Let z be (354/3)/2 - (-1 - 6). Let n = 69 - -261. What is the highest common factor of n and z?
66
Let j = -632 + 677. Suppose -3*x - 9 = -6*x. Calculate the greatest common factor of x and j.
3
Let i = -28396 + 34005. Calculate the greatest common divisor of i and 71.
71
Suppose -2*q = j - 7, -28 = -5*j - 9*q + 6*q. Suppose -j*r - 130 = -k, -k + 0*k - 2*r = -116. Calculate the highest common factor of k and 150.
30
Let l be (53 - 43)/(4/6 - 0). Let z be (l/2)/(6/660). Calculate the highest common divisor of 75 and z.
75
Suppose -3*m - 52 = -2*s, 5*s + 20*m = 17*m + 46. Calculate the greatest common divisor of 22918 and s.
14
Let y(m) = 9285 + 95*m - 19022 + 9492. Let u be y(9). What is the highest common factor of 30 and u?
10
Let q be (-19 + 1)*((-19)/(-3) - 6). Let w be 0 - (-2 - 6) - q. What is the greatest common factor of w and 49?
7
Let h(m) = -177*m - 420. Let u be h(-13). Calculate the highest common divisor of u and 44.
11
Let j(k) = -24*k**2 + 9*k + 2. Let h(s) = 49*s**2 - 20*s - 3. Let q(n) = -6*h(n) - 14*j(n). Let a be q(-2). What is the greatest common divisor of a and 68?
34
Suppose 0*r + 3*c - 75 = -2*r, 0 = -5*c + 5. What is the highest common factor of r and 1098?
18
Let s(i) = 3*i - 1. Let c be s(6). Let d = -307 - -309. Suppose -90 = -d*n - 3*w, 2*n - 4*w = -2*w + 110. Calculate the greatest common divisor of n and c.
17
Suppose -d = -27*c + 22*c + 3498, 3*c - 2*d = 2089. Calculate the highest common factor of 1 and c.
1
Suppose -37*j + 90383 = 6652. Calculate the greatest common factor of j and 219.
73
Suppose -21923 = 41*h - 80922. Suppose 2*t - 2*r - 574 = 0, -5*t + 3*r = -0*r - h. Calculate the highest common factor of 17 and t.
17
Let q be (-167)/(-501)*(-86 + -1). Suppose 92 + 172 = 3*z. Let u = z + q. What is the greatest common factor of u and 177?
59
Let r = 9708 - 5836. What is the highest common factor of 32 and r?
32
Suppose -4*s - 2*x + 4*x - 1196 = 0, -2*s + 2*x - 600 = 0. Let f = s - -442. Calculate the greatest common factor of f and 360.
72
Let z(m) = 3*m - 1. Let r be z(1). Let c = 19 - r. Let d(u) = u**3 - 18*u**2 + 19*u + 8. Let t be d(c). What is the greatest common divisor of 6 and t?
6
Let x(o) = -o**2 - 37*o + 165. Let r be x(-39). What is the greatest common divisor of 96 and r?
3
Let t(b) = -3*b + 40. Let m be t(10). Suppose -m*d = -402 - 258. Calculate the highest common factor of d and 594.
66
Let n = 4498 - 4179. What is the highest common factor of 3 and n?
1
Suppose 2*z = -2*c + 122 + 42, 16 = -2*z. Calculate the highest common factor of 1242 and c.
18
Let k(z) = 2*z**2 + 27*z + 48. Let v be k(-11). Let j be -8 - (-582)/21 - 2/v. What is the greatest common factor of 560 and j?
20
Suppose 2*o - 43*b = -44*b + 1857, 946 = o - 3*b. What is the greatest common divisor of o and 1225?
49
Suppose -5*j - 13*s + 14*s = -57, j + 5*s = 1. Calculate the greatest common divisor of 5533 and j.
11
Let z = 61 + 14. Suppose 33*s - 29*s - 4*g = 196, 2*s - 3*g - 97 = 0. What is the greatest common divisor of z and s?
25
Let o(l) = -3*l**3 - 3*l**2 - 73*l - 141. Let c be o(-2). What is the highest common divisor of 19465 and c?
17
Suppose -739*x + 710*x + 8584 = 0. What is the greatest common factor of x and 4?
4
Let q(k) = 139*k**2 - 67*k + 298. Let f be q(4). What is the greatest common divisor of f and 736?
46
Let x = -159 + 349. Suppose -2*o + 86 = -0*g + 3*g, 5*o - 5*g = x. Calculate the highest common divisor of 4 and o.
4
Suppose 0 = -21*b + 1886 - 374. What is the highest common factor of b and 636?
12
Suppose 4*z - 3*a - a = -8, 12 = 4*a. Calculate the highest common factor of 79 and z.
1
Suppose 0 = -3*u - 4*w + 312, 333 = 5*u - 2*u - 3*w. Let f be -6*4*10/(-20). What is the highest common factor of f and u?
12
Let u(n) = -12*n + 134. Let j be u(11). Let h be j/(1*10/15). What is the greatest common factor of h and 81?
3
Suppose 0 = -99*t + 3039 + 10425. What is the highest common factor of t and 136?
136
Let s = 4570 + -4569. Suppose -19 = -3*q + 2*i, -q + 2 = 3*q + 2*i. What is the highest common factor of q and s?
1
Suppose u + 71 = 2*c, -2*u = -4*c + u + 145. Let m(p) = 20*p**2 + 1538*p - 120. Let j be m(-77). Calculate the greatest common divisor of j and c.
34
Let g be 9/15 - 174/(-10). Let v be (-4)/(0 - 2) + g. Let n = 243 - 235. Calculate the greatest common divisor of v and n.
4
Let b = 80 + -50. Suppose -3*t + 5*g + 365 = 0, -29*t - g = -b*t + 123. Suppose n - 5 - 20 = 0. Calculate the greatest common divisor of t and n.
25
Let c be (-4 - 1) + 2 - 4. Let h(n) = n**2 - 10*n - 29. Let l be h(c). What is the highest common divisor of l and 225?
45
Suppose -4416 - 1492 = -7*q. Suppose 10*j - 5*j = -2*z + 346, -5*z - 2*j = -q. What is the highest common factor of z and 48?
24
Suppose 5*x + r - 20 = 0, x + 28*r - 23*r = 4. Let n(s) = -s**2 + 8*s. Let m be n(6). What is the highest common factor of x and m?
4
Let i(t) = 3*t**2 + 103*t - 901. Let j be i(12). What is the greatest common divisor of 531 and j?
59
Let v be (-44)/(-6) - ((-86)/129 - 1). Let g be 0*(-1 + 0) + 1. Calculate the greatest common divisor of g and v.
1
Let m = -11342 - -11418. Let p = 2 + 1. Suppose 4*l - 2*c - p*c = 59, -5*l + 4*c = -m. Calculate the greatest common factor of 40 and l.
8
Suppose 25*r - 38*r = -1929 - 1503. Ca